. What is the hundreds digit of v(-10)?
1
Let j(q) = -2*q - 4. Let v be j(-4). Suppose 3*u = -15, 2*p - v*u - 356 = -2*p. What is the tens digit of p?
8
Let u be 2*3/18*-2*3. Let t(r) = -17*r**3 + 2*r**2 + 6*r + 5. What is the hundreds digit of t(u)?
1
Let o = 794 - 380. What is the units digit of o?
4
Suppose 2*p + 454 = -2*o, -p - 4*o = 105 + 137. Let z = p - -429. What is the hundreds digit of z?
2
Suppose 0 = -76*u + 97*u - 6951. What is the tens digit of u?
3
Let m = 178 - 102. Suppose -2*j + 132 + m = 0. What is the tens digit of (j/(-14))/((-4)/14)?
2
Let o be (-20000)/(-10)*2/5. Suppose -o = -3*l - l + 4*c, -400 = -2*l + c. What is the tens digit of l?
0
Let i(o) = -o**2 - 2*o + 59. Let m be 0/(3/(-4 - -1)). Let u be i(m). Suppose 0 = 4*b - 29 - u. What is the tens digit of b?
2
Let i(r) = -r**3 - 7*r**2 - 7*r - 5. Let q be i(-5). What is the hundreds digit of (-2103)/(-15) - (-4)/q?
1
Suppose 106 = o + 3*q, -o + 5*q + 40 + 58 = 0. Let k = o + -5. What is the tens digit of 3164/k + (-4)/14?
3
Let y(a) be the first derivative of -a**2 + 10 + 38/3*a**3 + a. What is the units digit of y(1)?
7
Suppose -498 = 27*u + 690. Let c(f) = -3*f**3 + f**2 + 5*f + 2. Let h be c(-3). Let g = h + u. What is the units digit of g?
3
Suppose 3*v - 4*v - 2 = -3*n, -2*v + 12 = 2*n. What is the units digit of n/(-1 + 3) - (-3 - 13)?
7
Let u(q) = q**2 - 3*q - 7. Let x be u(6). Let l = -8 + x. Suppose s = -l*s + 24. What is the units digit of s?
6
Let c = 391 - 174. What is the tens digit of c?
1
Suppose 0 = l + s - 1, 2*s - 4*s + 2 = -l. Suppose 10*a + 1492 - 4002 = l. What is the tens digit of a?
5
Let o be 11/((-385)/(-7545)) + (-6)/(-14). Let v = -22 + o. What is the units digit of v?
4
Let j(x) = -17*x**3 + 8*x**2 - 7*x - 7. Let k(n) = 4*n**3 - 2*n**2 + 2*n + 2. Let i(g) = -2*j(g) - 9*k(g). What is the units digit of i(-4)?
2
Let j(c) = c**3 + 34*c**2 + 106*c + 74. What is the units digit of j(-30)?
4
Let o(i) = -i + 4. Let j be o(10). Let y = -1 + j. Let d(w) = -7*w - 18. What is the tens digit of d(y)?
3
What is the units digit of (-7 + ((-6542)/(-6) - -2))*3?
6
Let j be (10/5)/2 + 3. Suppose -2*r + 2*i = -4*r + 84, 0 = j*i + 16. What is the units digit of r?
6
Let x = 565 + -521. What is the tens digit of x?
4
Suppose -393*r + 366*r + 61398 = 0. What is the hundreds digit of r?
2
Let i = -17 - -20. Suppose -2*o = -k - 45, -o - i*k + 7*k = -12. Let z = o + -23. What is the units digit of z?
1
Let g(r) = 5*r**2 + 9*r - 72. What is the units digit of g(-11)?
4
Let p = -72 + 10. What is the tens digit of p/(-4) - (-2)/(-4)?
1
Let l(b) = b**2 - 75*b + 103. What is the thousands digit of l(-32)?
3
Let t be (4260/70)/((-2)/14). Let s = t + 608. What is the hundreds digit of s?
1
What is the tens digit of (-3335)/(-5) - -4 - -4?
7
Suppose -27 = -2*k + 9. Suppose -k = -3*t + 3. Let d = t - -8. What is the tens digit of d?
1
Let a(x) = x**2 + 5*x - 9. Let z be a(-7). Let v = -8 + 10. Suppose -y + z = v. What is the units digit of y?
3
Let m be 33 - ((-3)/3 + -1). Suppose 31*q + 332 = m*q. Let t = q + -53. What is the units digit of t?
0
Let z = 1378 + -550. What is the tens digit of z?
2
Let r = -26 + 27. What is the tens digit of (r - 0/1)*37?
3
Suppose -21 = 3*c - 0. Let m(h) = -h**2 - 9*h + 5. What is the units digit of m(c)?
9
Let w(n) = 3*n**2 - 4*n + 5. Suppose 24 = 3*g - 0*g. Suppose k = -k + g. What is the tens digit of w(k)?
3
Let t be 311 - (-4 + -2)/(-3). Suppose -4*c = -c - t. What is the hundreds digit of c?
1
Let g(n) = n**2 - 2*n**2 - n - n + 7 + 3*n. Let x be g(9). What is the units digit of (3 + 17/(-5))*x?
6
Let c(a) = 98*a**3 - a**2 + 2*a - 1. Suppose -3*y + 4 = y. Let v be c(y). Let r = v - 49. What is the tens digit of r?
4
Suppose -a + 4*o + 4 = -5, 3*a = 4*o + 35. Suppose -j + g - a = -0*g, -25 = 2*j - g. What is the units digit of (-1 - -3)/((-3)/j)?
8
Suppose -8*f + 246 = -1162. What is the tens digit of f?
7
Suppose -407 - 398 = -7*l. Suppose -3*p + l + 251 = 0. What is the tens digit of p?
2
Let w be (10/(-20))/(2/52). Let i = 17 - w. What is the tens digit of i?
3
Let p(w) = -14 + 22*w + 6*w**2 - w**2 - 6*w**2. What is the units digit of p(6)?
2
Let m(r) = 227*r**2 + 4*r - 3. What is the hundreds digit of m(2)?
9
Let i be 9/(-12) + 3/4. Suppose i = 4*h - 19 - 13. Let w = h + 4. What is the units digit of w?
2
Let i(m) = m**3 + 44*m**2 + 356*m + 3. What is the tens digit of i(-31)?
6
Suppose -w - 27 = 3*g - 791, 0 = 5*w + g - 3848. What is the units digit of w?
0
Let k = -6 + 13. What is the units digit of 5/(-20) - 35*k/(-4)?
1
Suppose 3*b - 3*v + 37 - 7 = 0, 0 = 5*b + v + 26. Let j(c) = -740*c**2 + 6*c - 3. Let p be j(2). What is the units digit of b/14 - p/91?
2
Let v(b) = b**3 - 8*b**2 + 8*b - 3. Let z be v(6). Let p = z - -38. Suppose 5*s + 2*l = 3*s - 2, -4*l = -3*s + p. What is the units digit of s?
1
Suppose -3*b = 4*r - 117, 5*r - 2*b + 43 = 172. Let x = 15 - r. Let d = x + 34. What is the units digit of d?
2
Let c be (-5 + 5)*((-15)/(-6))/5. Let y(q) = -3*q + 225. What is the tens digit of y(c)?
2
Let j(a) = a**2 + 5*a + 7. Suppose 20 = -4*x - 8. What is the units digit of j(x)?
1
Suppose 12*g = 17*g - 10. Suppose -3*m - 4*u + 163 = -0*m, -g*m + 116 = -u. What is the units digit of m?
7
Suppose 9*c = 23*c - 3164. Let r = c - -65. What is the tens digit of r?
9
Suppose -2*o + a + 10 = 2*a, 4 = -a. What is the units digit of 469/o + (0/2 - 3)?
4
Let k(a) = a**2 - 19*a + 13. Let t be k(18). Let f = t - -34. What is the units digit of f?
9
Let i = -796 - 173. What is the units digit of i/(-15) + (24/(-15) - -1)?
4
Suppose -2*s = -4*s + 104. Let z = 91 - s. What is the tens digit of z?
3
Let f(s) = -5*s**3 - 3*s**2 - 6*s + 6. Let y be f(-9). Let c be (-16)/104 + y/26. Suppose -q = 4*b - 120, 3*q + c - 43 = 3*b. What is the units digit of b?
0
What is the thousands digit of (-2)/(-12) - 153709/(-138)?
1
Let k = -8 + 4. Let r(g) = 20*g + 7*g - 35*g + 5*g + 1. What is the tens digit of r(k)?
1
Let b(x) = -x**2 - 44*x + 112. What is the units digit of b(-38)?
0
Let x(f) = -f**2 - 12*f - 7. Let z(p) = -p - 6. Let a be z(8). Let d be x(a). Let o = d - -101. What is the units digit of o?
6
Let q(p) = -65*p + 466. What is the tens digit of q(-37)?
7
Let w(f) = -1 - f**2 + 0 + 15*f - 3. Let s be w(7). Suppose -3*q = 4*u - 20 - 33, 5*u - q = s. What is the units digit of u?
1
Suppose 0 = -3*t + 1945 + 4487. What is the units digit of t?
4
Suppose -124 = -12*i + 8*i. Suppose 77 = k + 5*h + i, 58 = k - h. What is the units digit of k?
6
Suppose 25*c = -39*c + 42240. What is the hundreds digit of c?
6
Let v(d) = -7*d**2 + 1 - 4*d**2 - 2 - 7*d + 12*d**2. What is the tens digit of v(-6)?
7
Suppose -5*x + 3008 = 2*w, 0 = -4*w - x + 4*x + 6068. What is the thousands digit of w?
1
Let n = -670 + 1141. What is the units digit of n?
1
What is the tens digit of (-1 - -6295)*(-93)/(-93)?
9
Let u(t) = t**3 - 12*t**2 + t + 5. Let l(h) = -7*h - 2. Let f be l(-2). What is the tens digit of u(f)?
1
Let n(t) = -t - 2. Let h be n(2). Let p(y) be the second derivative of -y**5/20 - y**4/6 + 2*y**3/3 + 5*y**2/2 - 105*y. What is the tens digit of p(h)?
2
What is the hundreds digit of (-2)/5 - 14597/(-55)?
2
Suppose 23*h - 11496 = 45912. What is the units digit of h?
6
Let r(k) = 2*k**3 + 22*k**2 - 31*k - 18. What is the tens digit of r(-12)?
6
Suppose 5*b + 172 = b. Let m = -42 - b. What is the units digit of m?
1
Let o be (-6)/33 + (-35)/(-11). Suppose -5 - 1 = -o*g. Suppose 4*i + 54 = g*z + 8*i, 0 = 2*z - 2*i - 60. What is the tens digit of z?
2
What is the hundreds digit of 116/(-4 - -5 - 39/40)?
6
Let j(u) = -u**2 + 8*u + 1. Let o be j(9). Let q = o - -10. Suppose q*c - 22 = 22. What is the tens digit of c?
2
Let a(j) = -5*j**3 + 2*j**2. Let s be a(-3). Suppose -5*b + 2*b = -s. Suppose n - 18 = b. What is the tens digit of n?
6
Suppose -z = 5*x + 900 - 3025, 0 = 5*x - z - 2125. What is the tens digit of x?
2
Let q = -219 - -222. What is the units digit of q?
3
Suppose -5*x = -151 - 124. Suppose -135 = -5*o - x. Suppose 256 = 4*h - o. What is the units digit of h?
8
Let q(f) = f**3 + 16*f**2 + 14. Let k be q(-16). Let a(w) = 2*w + 13. What is the tens digit of a(k)?
4
Let u(i) = -i**3 + 6*i + 3469. What is the units digit of u(0)?
9
Let f be (50 - 43)*4/